{"id":957,"date":"2023-08-04T06:45:45","date_gmt":"2023-08-04T06:45:45","guid":{"rendered":"https:\/\/themeproducers.com\/wordpress\/therex\/?page_id=2"},"modified":"2026-02-25T05:38:26","modified_gmt":"2026-02-25T05:38:26","slug":"aspirahn","status":"publish","type":"page","link":"https:\/\/aspirahn.com\/index.php\/aspirahn\/","title":{"rendered":"ASPIRAHN"},"content":{"rendered":"\r\n<p><img loading=\"lazy\" decoding=\"async\" class=\"aligncenter wp-image-1102 size-full\" src=\"https:\/\/aspirahn.com\/wp-content\/uploads\/2026\/02\/2-scaled.png\" alt=\"\" width=\"2560\" height=\"1440\" srcset=\"https:\/\/aspirahn.com\/wp-content\/uploads\/2026\/02\/2-scaled.png 2560w, https:\/\/aspirahn.com\/wp-content\/uploads\/2026\/02\/2-300x169.png 300w, https:\/\/aspirahn.com\/wp-content\/uploads\/2026\/02\/2-1024x576.png 1024w, https:\/\/aspirahn.com\/wp-content\/uploads\/2026\/02\/2-768x432.png 768w, https:\/\/aspirahn.com\/wp-content\/uploads\/2026\/02\/2-1536x864.png 1536w, https:\/\/aspirahn.com\/wp-content\/uploads\/2026\/02\/2-2048x1152.png 2048w, https:\/\/aspirahn.com\/wp-content\/uploads\/2026\/02\/2-400x225.png 400w\" sizes=\"auto, (max-width: 2560px) 100vw, 2560px\" \/><\/p>\r\n<h3>Nuestro valor diferencial:<\/h3>\r\n\r\n\r\n\r\n<h5 class=\"is-layout-flow wp-block-quote-is-layout-flow\"><strong>Estrategia de nivel internacional adaptada a Honduras Acceso a inteligencia medi\u00e1tica y an\u00e1lisis de entorno real Gesti\u00f3n de crisis y construcci\u00f3n de marca de alto impacto Networking y relaciones estrat\u00e9gicas discretas Experiencia combinada en pol\u00edtica, empresas privadas y gobierno.<\/strong><\/h5>\r\n","protected":false},"excerpt":{"rendered":"<p>Nuestro valor diferencial: Estrategia de nivel internacional adaptada a Honduras Acceso a inteligencia medi\u00e1tica y an\u00e1lisis de entorno real Gesti\u00f3n de crisis y construcci\u00f3n de marca de alto impacto Networking y relaciones estrat\u00e9gicas discretas Experiencia combinada en pol\u00edtica, empresas privadas y gobierno.<\/p>\n","protected":false},"author":1,"featured_media":0,"parent":0,"menu_order":0,"comment_status":"closed","ping_status":"open","template":"","meta":{"footnotes":""},"class_list":["post-957","page","type-page","status-publish","hentry"],"_links":{"self":[{"href":"https:\/\/aspirahn.com\/index.php\/wp-json\/wp\/v2\/pages\/957","targetHints":{"allow":["GET"]}}],"collection":[{"href":"https:\/\/aspirahn.com\/index.php\/wp-json\/wp\/v2\/pages"}],"about":[{"href":"https:\/\/aspirahn.com\/index.php\/wp-json\/wp\/v2\/types\/page"}],"author":[{"embeddable":true,"href":"https:\/\/aspirahn.com\/index.php\/wp-json\/wp\/v2\/users\/1"}],"replies":[{"embeddable":true,"href":"https:\/\/aspirahn.com\/index.php\/wp-json\/wp\/v2\/comments?post=957"}],"version-history":[{"count":6,"href":"https:\/\/aspirahn.com\/index.php\/wp-json\/wp\/v2\/pages\/957\/revisions"}],"predecessor-version":[{"id":1109,"href":"https:\/\/aspirahn.com\/index.php\/wp-json\/wp\/v2\/pages\/957\/revisions\/1109"}],"wp:attachment":[{"href":"https:\/\/aspirahn.com\/index.php\/wp-json\/wp\/v2\/media?parent=957"}],"curies":[{"name":"wp","href":"https:\/\/api.w.org\/{rel}","templated":true}]}}